16. Let n be c(6). Let z be s(n). Let x(w) = w**3 - 5*w**2 - 5*w - 4. What is x(z)?
2
Let w = -29 + 29. Let z(b) = 170*b - 2 + 2*b**3 + w*b**3 - 3*b**3 - 169*b - 5*b**2. Give z(-5).
-7
Let c(y) = -2*y - 10. Let g be (0 - (-2)/(-3))*(-103 + 115). Give c(g).
6
Let c = -24 + 23. Let h(a) = 5*a**2 - a - 2. Let f be h(c). Let j = f - -4. Let d(i) = i - 13. Calculate d(j).
-5
Let w(t) = -6*t**2 + 18*t - 18. Let d(o) = -5*o**2 + 16*o - 17. Let i(f) = -7*d(f) + 6*w(f). Calculate i(-6).
-1
Let j(w) = -w**3 + w**2 + 9. Suppose 4*m + 9*f - 4*f = 22, -4*f = -m - 5. Let o be (-2)/(-3)*m + -2. What is j(o)?
9
Let v(k) = 3 - 1 + 9*k - 2*k - 3*k**2 - 3 + 4*k**2. Let h = -16 + 10. What is v(h)?
-7
Let v(b) be the first derivative of -2*b**3/3 + 5*b**2/2 + 4*b + 1. Suppose -2*x + 4 - 2 = 0. Let n be ((x*-42)/7)/(3/(-2)). Give v(n).
-8
Let j(l) = 2*l + 2. Suppose 4*g + 4*b + 12 = 0, -4*g = b + 4*b + 13. Let a(f) = -5*f - 15. Let x be a(0). Let h be g/(-5*2/x). Give j(h).
-4
Let g(x) = -7*x**2 - 7. Let l(a) = -6*a**2 + a - 6. Let w(y) = -3*g(y) + 4*l(y). Suppose 0 = 3*u - 6, -o - 2*u = 2. Let n = o - -8. Give w(n).
-7
Let g(o) = o**3 - 10*o**2 - o + 13. Let r(m) = -2*m**3 + 10*m**2 + m - 14. Let b(l) = -3*g(l) - 2*r(l). Determine b(-10).
-21
Let x(a) = -13*a - 5. Let z(w) = -31*w - 11. Let v(y) = 9*x(y) - 4*z(y). What is v(-6)?
-43
Let i(j) = 25*j**3 - 38*j**3 + 31*j**3 + 2*j**3 + 3 - 4. Give i(-1).
-21
Let c(d) = 103*d - 213*d + 112*d - 7. Give c(4).
1
Let a(i) = -i - 1. Let d be a(-5). Suppose -10 = -9*f + d*f. Let j(n) = 2 + 4*n**f - 3*n**2 - 2*n**2 + 2*n**2. Give j(-4).
18
Let x(d) = 2*d. Let z(f) = 11*f + 8. Let p(w) = 5*x(w) - z(w). Calculate p(-14).
6
Let q(a) = 21*a - 1010. Let k be q(48). Let l(z) = 4*z**3 + 3*z + 4. What is l(k)?
-34
Let n(m) be the second derivative of m**7/315 + m**6/720 - 13*m**4/6 + 2*m. Let q(l) be the third derivative of n(l). What is q(-1)?
7
Let g = -757 - -754. Let q(l) = -5*l**2 - 2*l - 1. What is q(g)?
-40
Let q be 7/(-700)*8 + 27/25. Let o(u) be the second derivative of 5*u**3 - 3*u. Determine o(q).
30
Let y(f) = -f**3 + 2*f**2 - 2*f + 1. Let z = -85 + 29. Let v = 58 + z. Determine y(v).
-3
Let j be -1 - 1*(3 + -10). Let i(c) = 2*c**2 - 12*c + 3. Calculate i(j).
3
Let g be (-6)/(-4)*220/(-15). Suppose 221*o + 133 = 214*o. Let w = g - o. Let h(d) = -d**2 - d + 2. What is h(w)?
-4
Let m(a) = -4*a - 3. Let r(k) = -k**3 + 4*k**2 + 6*k - 11. Let o be r(5). Let s be (-4)/o*(-9)/2. Determine m(s).
9
Let q(u) = 5*u**2 - 24*u - 7. Let b be q(5). Let n(k) = 5 + 6*k - 6 - 3*k. Calculate n(b).
-7
Let c(l) = 1 - 44*l + l**2 + 9*l + 1 + 34*l. Suppose 3*q - 7 = -h - h, 7 = 4*q + 5*h. What is c(q)?
8
Let d(k) = -7*k**3 + 3*k**2 - 8. Let b(l) = 3*l**3 - l**2 + 5. Let i(f) = -5*b(f) - 2*d(f). Let h = 3 + -3. Determine i(h).
-9
Let a(u) = 2*u**3 - 11*u**2 - 2*u + 1. Let y(k) = -k**3 + k**2 - k. Let t(j) = a(j) + 3*y(j). What is t(-8)?
41
Let t be 3 + (0 + 2 - 13). Let f(w) = -2*w**3 + 40*w**2 - 2*w - 47*w**2 + w**3 + 11*w + 0*w**3 - 11. Determine f(t).
-19
Let b(l) = 68*l**2 - 17*l. Let i(z) = 22*z**2 - 5*z. Let v(f) = 2*b(f) - 7*i(f). Suppose -j = 3*j - 4. Suppose -2 + j = o. Determine v(o).
-19
Let y(c) = c**2 - 9*c. Suppose 0 = 4*f - 20, -4*k = -0*k - f - 27. Determine y(k).
-8
Let g(u) = -u**3 + 5*u**2 + 3*u + 8. Let m(a) = a**3 + 3*a**2 + 2*a + 4. Let z be m(0). Let x(j) = -j**2 + 10*j - 18. Let v be x(z). Determine g(v).
-10
Let b(r) = 3*r**2 - 31*r + 12. Let w = -267 + 277. Give b(w).
2
Suppose 30 = -4*a + 9*a. Suppose 18 = -5*q - 2*o, -3*q + 0*q + 3*o = -a. Let t(d) = d**3 + 2*d**2 + 2*d - 2. Determine t(q).
-6
Let l(h) = h**2 - 5. Suppose 3*o + 72 = o + 5*t, 0 = 4*t. Let q = -36 - o. Give l(q).
-5
Suppose -3*r = -r + j - 18, -5*j = -5*r + 15. Let t(k) = 0 + 2*k**2 + 1 - r*k**2 + 7*k**2 - k**3. Suppose -5*l = -l - 8. What is t(l)?
1
Let y be 7 - ((-9)/1)/3. Let z = y - 14. Let g = 2 - z. Let o(s) = s**2 - 9*s + 6. Calculate o(g).
-12
Let r(z) = -2*z - 5. Suppose -5*g = 0, -3*x = -x - 5*g - 4. Suppose 2*n + x = -6. Calculate r(n).
3
Let k = 5 - 0. Suppose k*y - 1 - 4 = 0. Let q(t) = 3 + 7*t - 3. Give q(y).
7
Let b(o) = -o**2 - 7*o. Let g = 24 + -23. Let h be (-4)/(-2) - g - -2. Suppose h*i = -18 - 0. Give b(i).
6
Suppose -4*y + 8*y - 8 = 0. Let u(s) = s**2 + 6*s - 1. Let n(t) = 2*t**2 + 6*t. Let z(g) = y*n(g) - 3*u(g). What is z(4)?
-5
Let c be 5/30 + (-22)/(-12). Let h(a) = -2 - 19*a - 7 - 9*a**c + 30*a + a**3. Determine h(8).
15
Let w(s) be the third derivative of s**8/20160 - s**7/1008 - s**6/90 - 3*s**5/10 - 18*s**2. Let f(b) be the third derivative of w(b). What is f(7)?
6
Let a = -89 + 95. Let z(h) be the third derivative of 0 + 1/3*h**3 - 1/120*h**6 - 1/24*h**4 + 0*h + a*h**2 + 1/20*h**5. Determine z(3).
-1
Let v(f) = -f**2 + 7*f + 8. Suppose 47 - 6 = 5*x - k, 5*x - 5*k - 45 = 0. What is v(x)?
0
Let s(c) = 5*c - 11. Let o(i) = -4. Let n(h) = 3*o(h) - s(h). Give n(1).
-6
Let j(q) = -28*q**3 - 16*q + 4*q + 58*q**3 - 13*q**2 - 29*q**3 - 2*q. Determine j(14).
0
Let p = 5 - 5. Suppose -5*d - 5*h = 10, h + 1 = -p. Let u(v) = -9*v + 1. Calculate u(d).
10
Let i = -3 - -6. Let s = 226 - 223. Let k(p) = -2*p**s - 2*p**3 + i*p**2 + 2*p - 5 + 3*p**3. Determine k(4).
-13
Suppose 4 = 3*o + 19. Let v(a) = -a - 6. Let m(p) = 3*p + 12. Let t(d) = o*v(d) - 2*m(d). Determine t(6).
0
Let v(m) = -m**3 - 8*m**2 + m + 14. Let z = -12 + 4. Let g be v(z). Let c(y) = y**2 - 7*y + 2. Give c(g).
-4
Let r(a) = -a**3 - a**2 - a - 1. Let q(f) = 3*f**2 - 15 + f**3 + 29 - 11 + f. Let j(n) = -q(n) - 2*r(n). Suppose 8*v - 4*v - 4 = 0. Give j(v).
0
Let a(k) = -12*k**3 + 8*k**2 + 20*k - 26. Let s(x) = 5*x**3 - 5*x**2 - 10*x + 13. Let i(h) = -2*a(h) - 5*s(h). What is i(10)?
-13
Let j(w) = -w**3 - 6*w**2 - 5*w + 2. Suppose 28*s - 2*v + 10 = 25*s, -v - 13 = 3*s. Calculate j(s).
-10
Let f(k) be the first derivative of -k**4/2 - 2*k**3/3 - k - 17. Let i(c) = -c**3 + c**2 + 1. Let o(q) = -f(q) - 2*i(q). Determine o(-1).
-5
Suppose 3*b + 0*b = 0. Let x = -1 - b. Let i(n) = -3*n + 2. Let y(z) = 16*z - 9. Let q(k) = 5*i(k) + y(k). Give q(x).
0
Let l = -451 - -450. Let u(n) = 29*n. What is u(l)?
-29
Let m(q) be the second derivative of q**5/20 - 2*q**4/3 + q**3 + 3*q**2/2 + 131*q - 3. Suppose -4*b = 4*z + z - 18, 4*z + 8 = 0. Give m(b).
-4
Suppose 162 = -13*r - 14*r. Let a(i) be the first derivative of -i**3/3 - 3*i**2 - 3*i + 2. What is a(r)?
-3
Let k(f) be the second derivative of f**4/12 + 5*f**3/3 + 7*f**2/2 - 14*f + 1. Calculate k(-8).
-9
Let c(d) be the third derivative of -d**6/120 + 4*d**5/15 - 13*d**4/24 - 17*d**3/3 - 33*d**2. Let k be c(15). Let a(z) = -z**2 + 4. Calculate a(k).
-12
Let c(a) = -a**2 - 3*a + 7. Suppose -2*h + 3*h + b - 5 = 0, -2*b = -2*h + 30. Suppose -31*u = -33*u - h. Give c(u).
-3
Let p(n) = -2 + 12*n**3 - 31*n**2 + 3 - 31*n**2 + 64*n**2 - 5*n + 7*n. Give p(-1).
-11
Let z(k) = k - 6. Let i be 1/2 + 37*3/(-2). Let f = i - -61. Give z(f).
0
Let l = -74 + 80. Let a be (-20)/(-8) + (-1)/2. Suppose -20 = -a*m + l*m. Let c(h) = h**3 + 4*h**2 - 7*h. Give c(m).
10
Let v(t) be the third derivative of -7*t**4/24 + t**3/6 - 3*t**2. Suppose -4 + 0 = -k, 2*u + 5*k = 22. Give v(u).
-6
Let k(f) be the first derivative of -f**2/2 - 1. Suppose -5*v - 4*v = -261. Suppose 2*u - o = 3*o + 12, -u = 5*o + v. Calculate k(u).
4
Suppose -142*f + 155*f = -156. Let h(p) = p**3 + 11*p**2 - 14*p - 15. What is h(f)?
9
Suppose -7*f = -2*h - 25, -4 + 1 = 3*h + f. Let l(m) be the second derivative of m**3/2 + m**2 + m. Give l(h).
-4
Let q(n) be the first derivative of -7*n**4/4 + n**3/3 + n**2/2 - n + 247. Calculate q(1).
-6
Let o(b) = -b - 9. Let y(a) = -1. Let i(d) = o(d) + 4*y(d). Calculate i(-6).
-7
Suppose 345 = 5*o - p, o + 2*o = 3*p + 207. Let d = o + -63. Let i(g) = -g - 1. Give i(d).
-7
Let i(c) = -c**2 - 4*c. Let p(o) = -o**3 - 38*o**2 + 37*o - 80. Let k be p(-39). Calculate i(k).
4
Let d(s) = -s - 2. Suppose 2*b - 172 = -3*o, -154 = -4*o + 4*b + 62. Suppose 55*f - 3 = o*f. Determine d(f).
1
Let s(a) = a**3 + a + 1. Let l(z) = 3*z**3 - 4*z**2 + 2*z**3 + 4 + 13*z - z. Let n(x) = l(x) - 6*s(x). Suppose 16*h + 68 = -12. What is n(h)?
-7
Suppose -174 = 5*w - 5*z - 69, 4*w + 5*z = -66. Let k(p) = 2*p + 38. Give k(w).
0
Let n be 4/(-3) - (-3 + 55/33). Let c(v) be the thi